{"id":10,"date":"2018-11-21T10:32:05","date_gmt":"2018-11-21T09:32:05","guid":{"rendered":"http:\/\/www.adamecinterier.com\/?page_id=10"},"modified":"2020-04-09T22:56:33","modified_gmt":"2020-04-09T20:56:33","slug":"kontakt","status":"publish","type":"page","link":"https:\/\/www.adamecinterier.com\/index.php\/kontakt\/","title":{"rendered":"Kontakt"},"content":{"rendered":"<p>Naleznete n\u00e1s v are\u00e1lu b\u00fdval\u00e9 firmy Stavo.<\/p>\n<p><strong>Adresa:<\/strong><br \/>\nN\u00e1dra\u017en\u00ed ulice 535<br \/>\n348 15 Plan\u00e1<\/p>\n<p>Telefon: +420 776 122 608<\/p>\n<p>Email: <a href=\"&#109;&#x61;&#105;&#x6c;&#116;&#x6f;&#58;&#x69;&#110;&#x66;&#111;&#x40;a&#x64;a&#x6d;e&#x63;i&#x6e;t&#x65;r&#105;&#x65;&#114;&#x2e;&#99;&#x6f;&#109;\">&#105;&#x6e;&#102;&#x6f;&#64;&#x61;&#100;&#x61;&#109;&#x65;&#99;&#x69;&#110;&#x74;&#101;&#x72;&#105;&#x65;&#114;&#x2e;&#99;&#x6f;&#109;<\/a><\/p>\n<p><strong>GPS:&nbsp;N 49\u00b051.59048&#8242;, E 12\u00b043.94227&#8242;<\/strong><\/p>\n<p><iframe loading=\"lazy\" style=\"border: none;\" src=\"https:\/\/frame.mapy.cz\/s\/relakojomo\" width=\"850\" height=\"450\" frameborder=\"0\"><\/iframe><\/p>\n<p><strong>Provozn\u00ed doba:<\/strong><br \/>\nPond\u011bl\u00ed &#8211; P\u00e1tek&nbsp; &nbsp;&#8211;&nbsp; &nbsp;7:00 &#8211; 16:00 hodin<\/p>\n","protected":false},"excerpt":{"rendered":"<p>Naleznete n\u00e1s v are\u00e1lu b\u00fdval\u00e9 firmy Stavo. Adresa: N\u00e1dra\u017en\u00ed ulice 535 348 15 Plan\u00e1 Telefon: +420 776 122 608 Email: i&#110;&#102;&#x6f;&#x40;&#x61;da&#109;&#101;&#x63;&#x69;&#x6e;t&#101;&#114;&#105;&#x65;&#x72;&#x2e;c&#111;&#109; GPS:&nbsp;N 49\u00b051.59048&#8242;, E 12\u00b043.94227&#8242; Provozn\u00ed doba: Pond\u011bl\u00ed &#8211; P\u00e1tek&nbsp; &nbsp;&#8211;&nbsp; &nbsp;7:00 &#8211; 16:00 hodin<\/p>\n","protected":false},"author":1,"featured_media":0,"parent":0,"menu_order":0,"comment_status":"closed","ping_status":"closed","template":"","meta":{"ngg_post_thumbnail":0,"footnotes":""},"_links":{"self":[{"href":"https:\/\/www.adamecinterier.com\/index.php\/wp-json\/wp\/v2\/pages\/10"}],"collection":[{"href":"https:\/\/www.adamecinterier.com\/index.php\/wp-json\/wp\/v2\/pages"}],"about":[{"href":"https:\/\/www.adamecinterier.com\/index.php\/wp-json\/wp\/v2\/types\/page"}],"author":[{"embeddable":true,"href":"https:\/\/www.adamecinterier.com\/index.php\/wp-json\/wp\/v2\/users\/1"}],"replies":[{"embeddable":true,"href":"https:\/\/www.adamecinterier.com\/index.php\/wp-json\/wp\/v2\/comments?post=10"}],"version-history":[{"count":15,"href":"https:\/\/www.adamecinterier.com\/index.php\/wp-json\/wp\/v2\/pages\/10\/revisions"}],"predecessor-version":[{"id":272,"href":"https:\/\/www.adamecinterier.com\/index.php\/wp-json\/wp\/v2\/pages\/10\/revisions\/272"}],"wp:attachment":[{"href":"https:\/\/www.adamecinterier.com\/index.php\/wp-json\/wp\/v2\/media?parent=10"}],"curies":[{"name":"wp","href":"https:\/\/api.w.org\/{rel}","templated":true}]}}