{"id":158,"date":"2020-04-08T10:48:21","date_gmt":"2020-04-08T08:48:21","guid":{"rendered":"http:\/\/www.adamecinterier.com\/?page_id=158"},"modified":"2020-04-08T11:07:43","modified_gmt":"2020-04-08T09:07:43","slug":"galerie","status":"publish","type":"page","link":"https:\/\/www.adamecinterier.com\/index.php\/galerie\/","title":{"rendered":"Galerie"},"content":{"rendered":"\n\t<div class=\"ngg-albumoverview default-view\">\n\t\t\t\t\t<div class=\"ngg-album\">\n\t\t\t\t<div class=\"ngg-albumcontent\">\n\t\t\t\t\t\t\t\t\t\t\t<div class=\"ngg-thumbnail\">\n\t\t\t\t\t\t\t<a class='gallery_link' href='https:\/\/www.adamecinterier.com\/index.php\/galerie\/nggallery\/kuchyne'>\n\t\t\t\t\t\t\t\t<img class=\"Thumb\"\n\t\t\t\t\t\t\t\t\talt=\"Kuchyn\u011b\"\n\t\t\t\t\t\t\t\t\tsrc=\"https:\/\/www.adamecinterier.com\/wp-content\/gallery\/kuchyne-moderni\/cache\/2018-06-27-18.15.02.jpg-nggid0216-ngg0dyn-300x200x100-00f0w010c011r110f110r010t010.jpg\"\/>\n\t\t\t\t\t\t\t<\/a>\n\t\t\t\t\t\t<\/div>\n\t\t\t\t\t\t\t\t\t\t<div class=\"ngg-albumtitle\">\n\t\t\t\t\t\t<a class='gallery_link' href='https:\/\/www.adamecinterier.com\/index.php\/galerie\/nggallery\/kuchyne'>Kuchyn\u011b<\/a>\n\t\t\t\t\t<\/div>\n\t\t\t\t\t<div class=\"ngg-description\">\n\t\t\t\t\t\t<p>Zde naleznete fotografie na\u0161ich hotov\u00fdch projekt\u016f kuchy\u0148sk\u00fdch linek v\u0161ech druh\u016f<\/p>\n\t\t\t\t\t\t\t\t\t\t\t<\/div>\n\t\t\t\t<\/div>\n\t\t\t<\/div>\n\t\t\t\t\t<div class=\"ngg-album\">\n\t\t\t\t<div class=\"ngg-albumcontent\">\n\t\t\t\t\t\t\t\t\t\t\t<div class=\"ngg-thumbnail\">\n\t\t\t\t\t\t\t<a class='gallery_link' href='https:\/\/www.adamecinterier.com\/index.php\/galerie\/nggallery\/ostatni-nabytek'>\n\t\t\t\t\t\t\t\t<img class=\"Thumb\"\n\t\t\t\t\t\t\t\t\talt=\"Ostatn\u00ed n\u00e1bytek\"\n\t\t\t\t\t\t\t\t\tsrc=\"https:\/\/www.adamecinterier.com\/wp-content\/gallery\/vestavne-skrine\/cache\/ob%C3%BDvac%C3%AD-st%C4%9Bna-..jpg-nggid03152-ngg0dyn-300x200x100-00f0w010c011r110f110r010t010.jpg\"\/>\n\t\t\t\t\t\t\t<\/a>\n\t\t\t\t\t\t<\/div>\n\t\t\t\t\t\t\t\t\t\t<div class=\"ngg-albumtitle\">\n\t\t\t\t\t\t<a class='gallery_link' href='https:\/\/www.adamecinterier.com\/index.php\/galerie\/nggallery\/ostatni-nabytek'>Ostatn\u00ed n\u00e1bytek<\/a>\n\t\t\t\t\t<\/div>\n\t\t\t\t\t<div class=\"ngg-description\">\n\t\t\t\t\t\t<p>Ostatn\u00ed interierov\u00fd n\u00e1bytek a n\u00e1bytek komer\u010dn\u00edch prostor<\/p>\n\t\t\t\t\t\t\t\t\t\t\t<\/div>\n\t\t\t\t<\/div>\n\t\t\t<\/div>\n\t\t\t\t\t<div class=\"ngg-album\">\n\t\t\t\t<div class=\"ngg-albumcontent\">\n\t\t\t\t\t\t\t\t\t\t\t<div class=\"ngg-thumbnail\">\n\t\t\t\t\t\t\t<a class='gallery_link' href='https:\/\/www.adamecinterier.com\/index.php\/galerie\/nggallery\/galerie\/vizualizace'>\n\t\t\t\t\t\t\t\t<img class=\"Thumb\"\n\t\t\t\t\t\t\t\t\talt=\"Vizualizace\"\n\t\t\t\t\t\t\t\t\tsrc=\"https:\/\/www.adamecinterier.com\/wp-content\/gallery\/vizualizace\/cache\/Hud%C3%A1kov%C3%A1-kuchy%C5%88.jpg-nggid0285-ngg0dyn-300x200x100-00f0w010c011r110f110r010t010.jpg\"\/>\n\t\t\t\t\t\t\t<\/a>\n\t\t\t\t\t\t<\/div>\n\t\t\t\t\t\t\t\t\t\t<div class=\"ngg-albumtitle\">\n\t\t\t\t\t\t<a class='gallery_link' href='https:\/\/www.adamecinterier.com\/index.php\/galerie\/nggallery\/galerie\/vizualizace'>Vizualizace<\/a>\n\t\t\t\t\t<\/div>\n\t\t\t\t\t<div class=\"ngg-description\">\n\t\t\t\t\t\t<p>Pro ka\u017ed\u00fd projekt zpracov\u00e1v\u00e1me vizualizace v programu PRO100. N\u00e1hledy vizualizac\u00ed naleznete v t\u00e9to galerii.<\/p>\n\t\t\t\t\t\t\t\t\t\t\t\t\t<p class=\"ngg-album-gallery-image-counter\">\n\t\t\t\t\t\t\t\t<strong>28<\/strong>&nbsp;Fotky<\/p>\n\t\t\t\t\t\t\t\t\t\t\t<\/div>\n\t\t\t\t<\/div>\n\t\t\t<\/div>\n\t\t\t\t<div class='ngg-clear'><\/div>\t<\/div>\n\n","protected":false},"excerpt":{"rendered":"","protected":false},"author":1,"featured_media":0,"parent":0,"menu_order":0,"comment_status":"closed","ping_status":"closed","template":"","meta":{"ngg_post_thumbnail":0,"footnotes":""},"_links":{"self":[{"href":"https:\/\/www.adamecinterier.com\/index.php\/wp-json\/wp\/v2\/pages\/158"}],"collection":[{"href":"https:\/\/www.adamecinterier.com\/index.php\/wp-json\/wp\/v2\/pages"}],"about":[{"href":"https:\/\/www.adamecinterier.com\/index.php\/wp-json\/wp\/v2\/types\/page"}],"author":[{"embeddable":true,"href":"https:\/\/www.adamecinterier.com\/index.php\/wp-json\/wp\/v2\/users\/1"}],"replies":[{"embeddable":true,"href":"https:\/\/www.adamecinterier.com\/index.php\/wp-json\/wp\/v2\/comments?post=158"}],"version-history":[{"count":3,"href":"https:\/\/www.adamecinterier.com\/index.php\/wp-json\/wp\/v2\/pages\/158\/revisions"}],"predecessor-version":[{"id":166,"href":"https:\/\/www.adamecinterier.com\/index.php\/wp-json\/wp\/v2\/pages\/158\/revisions\/166"}],"wp:attachment":[{"href":"https:\/\/www.adamecinterier.com\/index.php\/wp-json\/wp\/v2\/media?parent=158"}],"curies":[{"name":"wp","href":"https:\/\/api.w.org\/{rel}","templated":true}]}}